n be -1 - -6 - m/2. Let o be (5 - n)*(-6 - 1). What is the highest common factor of 21 and o?
7
Let u = -13 + 15. Let n be (11/u)/(6/36). Suppose 1313 = 6*l + 323. What is the highest common divisor of n and l?
33
Let j(h) = -h**3 - 5*h**2 - 3*h - 6. Let u be j(-6). Let k = -886 - -898. What is the highest common divisor of k and u?
12
Let s = 13 + -11. Suppose 3*n + s*n - 400 = 0. Suppose 3*h = -0*h - 4*u + n, h = -2*u + 28. Calculate the highest common divisor of 192 and h.
24
Let m(n) = -n**3 - 10*n**2 - 10*n + 6. Let c be m(-9). Let w be 13 - 6/c*5. Calculate the greatest common factor of w and 77.
11
Let k(b) = -299*b + 33. Let a be k(-1). Calculate the greatest common factor of a and 4.
4
Let v be 0/((-7 - 0) + 13 + -9). Suppose -16 = 4*k - 0*k, -3*g + 4*k + 208 = v. Calculate the greatest common divisor of g and 256.
64
Let d(s) = -5*s**3 - 15*s - 64. Let q be d(-5). What is the greatest common factor of 60 and q?
12
Suppose 20 - 7 = -3*t + 5*m, 3*t - 3*m = -3. Suppose -75 = -3*i - 3*q + 57, -i + 4*q + 39 = 0. Let x = -15 + i. Calculate the highest common divisor of x and t.
4
Let i(g) = 39*g**2 + 6*g + 7. Let u be i(1). Calculate the highest common divisor of 351 and u.
13
Let a be 0*(2 + -2 - -1). Suppose -3*z - 2*k + 24 = a, 2*k = 3*z + 3*k - 27. What is the highest common factor of z and 30?
10
Let n = 226 - 126. Calculate the greatest common factor of 175 and n.
25
Let h be (-5 - 4/(56/(-74)))*7. What is the greatest common divisor of h and 22?
2
Suppose 4*f - 9*a + 12*a = 373, -5*f - 2*a = -475. What is the highest common divisor of f and 3?
1
Suppose -42*d - 88 = -43*d. Suppose 0 = -4*g + 5*i + 47, 2*i = -9 + 3. What is the greatest common factor of g and d?
8
Let f be (12/(-8))/(3/(-52)). What is the greatest common factor of f and 4?
2
Suppose 4*b + 36 = -4*m, b = -4*m - 0*b - 36. Let c be m/(-2)*(-32)/(-12). Suppose 3*h - p = -h + 15, p - 1 = 0. What is the greatest common divisor of h and c?
4
Suppose 0 = -y - 0 - 1. Let b be 6/12*(17 + y). Calculate the highest common divisor of b and 72.
8
Let i = -36 + 16. Let o be 18/(-1 + -5)*i/6. Calculate the greatest common factor of 4 and o.
2
Let x be 26757/21 - (-9)/(-63). Calculate the highest common divisor of x and 26.
26
Let i(b) = 5*b - 9. Let d be i(6). Suppose 2*x - 7*x = -150. Suppose 4*m - 7*h + 2*h - 104 = 0, 2*m - x = -3*h. Calculate the highest common divisor of m and d.
21
Suppose 5*a - 7*a = -68. What is the greatest common factor of a and 2?
2
Let p = 260 - 176. Calculate the highest common factor of p and 147.
21
Let q be -3 + -5 + -4 + 6 - -1317. What is the highest common factor of 23 and q?
23
Let c be (-1 - 21/15)/(66/(-1155)). What is the highest common divisor of 14 and c?
14
Suppose 5*b - 665 = 5*p, 0 = -b - 2*b - p + 395. Let l be 1/((2/12)/((-198)/(-36))). Calculate the greatest common divisor of l and b.
33
Suppose 6*u = 1572 - 18. What is the highest common divisor of u and 37?
37
Suppose 0 = 25*z - 12*z - 962. What is the highest common factor of 4 and z?
2
Suppose -9*c + 3588 = 897. What is the greatest common factor of 13 and c?
13
Let m(q) = -5*q - 62. Let h be m(-25). What is the highest common divisor of h and 105?
21
Let k(m) = 194*m - 225. Let d be k(4). What is the highest common divisor of d and 38?
19
Suppose -3*o + 2334 = -1440. Calculate the highest common divisor of o and 34.
34
Let h be (1 - (-3630)/14) + (-22)/77. Calculate the highest common divisor of h and 13.
13
Suppose -2*t = -5*c + 12, 3*c = 4*t - 2 - 2. Let j(o) = o**2 - 18*o**3 + o**2 + 1 - c*o**2. Let g be j(-1). Calculate the highest common factor of 153 and g.
17
Suppose 0 = 12*b - 23 - 22 - 87. Suppose 3*w - 70 = -k, -6*w + 2*w - k + 92 = 0. Calculate the highest common factor of w and b.
11
Let q be (7 - (-84)/(-18))/((-3)/(-9)). Suppose -5*f + 5*b = -0*f + 5, -5*f = -4*b. Suppose -37 = -f*h + 19. Calculate the highest common factor of h and q.
7
Suppose 0*g + 4*c - 62 = 2*g, -5*g + c = 173. Let m = 38 + g. Suppose q - 124 = -4*s + 8, -33 = -s + m*q. Calculate the greatest common divisor of 3 and s.
3
Let f = -410 - -754. What is the highest common divisor of 43 and f?
43
Suppose 0*v + 3645 = 9*v. What is the greatest common factor of 30 and v?
15
Let y be 2/(-5)*-10 - -1. Suppose y*v - v = 160. What is the highest common divisor of 5 and v?
5
Let o = -270 + 310. What is the greatest common divisor of 10 and o?
10
Suppose 5*w + 10 = 5*b, b + 4*w = 3*b. Let r = -32 - -36. Let m be (2/8)/(1/r) + 3. What is the greatest common factor of m and b?
4
Suppose 3 - 9 = 3*n. Let s be (n/3)/(2/69). Let w = 36 + s. What is the greatest common factor of w and 91?
13
Let m = -23 + 36. Suppose 5*j - 11 = -k, j = -5*k + k - m. Let l be (-2)/k*288/4. What is the greatest common divisor of l and 4?
4
Let n = -114 - -118. Suppose 7*i = h + 3*i + 7, 2*i - 1 = 3*h. Calculate the highest common factor of h and n.
1
Let d = -108 - -154. Let v = -147 + 170. Calculate the greatest common factor of d and v.
23
Suppose 0 = -5*k + 3*l + 54, 15*k - 2*l = 17*k - 28. Calculate the greatest common divisor of k and 69.
3
Let c be (1 + -11)/(10/(-5)). Let i(z) = -z**3 - 7*z**2 - 5*z - 10. Let t be i(-7). What is the highest common divisor of c and t?
5
Let z(c) = c**3 - 15*c**2 + 13*c - 32. Let o be z(17). Calculate the highest common factor of o and 13.
13
Let n(q) = 2*q**3 - 20*q**2 + 18*q + 7. Let w be n(9). Let k be ((-63)/2)/((-1)/2). Calculate the greatest common divisor of k and w.
7
Let i(l) = -30*l**3 - 2*l**2 - l. Let d be i(-1). Suppose 11 = 4*o - d. Suppose -25*j + 21*j = -20. What is the highest common divisor of o and j?
5
Let o(v) = -53*v - 200. Let j be o(-8). What is the highest common divisor of j and 21?
7
Let r(p) = p**3 + 7*p**2 + 4*p - 6. Let y be r(-6). Let g = 25 + 6. Let l = g + -28. What is the greatest common divisor of y and l?
3
Let m = 7 + -4. Suppose 2 = m*x - 25. Let i = x - -15. Calculate the greatest common factor of 120 and i.
24
Let c(n) = 9*n + 2. Let v be c(-1). Let j be (-6)/(-3) - 182/v. Let y = 4 + 220. What is the highest common divisor of y and j?
28
Suppose 15*c + 120 = 25*c. What is the highest common divisor of 3 and c?
3
Let i be (-3)/(18/(-5836)) + (-36)/(-108). Calculate the greatest common divisor of i and 7.
7
Let q(i) = -29*i + 18. Let y be q(-2). What is the highest common factor of 19 and y?
19
Suppose -a + 5*d = -18, 0 = 2*a + 2*a + 3*d - 3. Suppose 4*s + 11 = m, -a*s + 8*s = 5. Calculate the highest common factor of 105 and m.
15
Let d(u) = u**3 - 23*u**2 + 133*u + 15. Let c be d(16). Calculate the highest common factor of 13 and c.
13
Suppose 0*y = -w - y, -5*y = w + 8. Suppose -2*k - w = -4. Calculate the greatest common divisor of k and 1.
1
Let i be (60/50)/((18/80)/3). Suppose a - 4 = 0, 2*y = -2*a + i + 38. What is the highest common divisor of y and 92?
23
Let s be 7/(98/180)*301/43. Calculate the highest common factor of s and 6.
6
Suppose -49*b = -42*b - 630. What is the greatest common factor of b and 27?
9
Let c(u) = -2*u**2 - 14*u - 9. Let k be c(-6). Calculate the highest common divisor of k and 3.
3
Let m(w) = w**3 + w**2 + w + 2. Suppose -10*i - 48 = -6*i. Let s be (-1)/4 + (-3)/i. Let g be m(s). What is the greatest common divisor of 4 and g?
2
Let r be (1*8)/1 + 0. Suppose -5*t = -r - 2. Suppose 4*n = -3*b + 82, -2*n + 32 = 2*b - 20. What is the highest common factor of t and b?
2
Let o(u) = u**2 + 2*u + 6. Let d be o(-4). Let p = d - 38. Let x be p/32 + (-59)/(-4). What is the greatest common divisor of 14 and x?
14
Let j = -24 + 37. Let a(l) = -l**3 + 13*l**2 + 2*l + 16. Let h be a(j). What is the greatest common factor of h and 105?
21
Let p(r) be the second derivative of 17*r**4/6 + r**3/3 - r**2/2 + 9*r. Let g be p(1). What is the highest common divisor of 14 and g?
7
Suppose -128 - 148 = -6*l. Let u be -1*(-2 + (3 - l)). What is the highest common factor of 27 and u?
9
Suppose -2*a + 114 = a. Let j(h) be the first derivative of 13*h**3/3 - h**2 + h + 4. Let q be j(-2). Calculate the highest common factor of a and q.
19
Suppose 7*r - 12 = 4*r. Suppose -2*i = 3*z - 150, -5*z + r*i - i = -250. Calculate the highest common factor of z and 20.
10
Suppose -5*v + s + s = -28, -4*s + 28 = 4*v. Suppose 7*h - 85 = 2*h. Let a be 2/(-2 + 4